- 212020121?
-212020003
In base 8, what is -4 - 70561665?
-70561671
In base 2, what is -1100011000010000010 + -100011?
-1100011000010100101
In base 5, what is -143324331 - -112?
-143324214
In base 11, what is -200105697 + -5?
-2001056a1
In base 16, what is 1521 - 1482?
9f
In base 14, what is 1801c - 8d?
17d6d
In base 13, what is -352c - -3839?
30a
In base 2, what is -10000 + -10001111011001101000?
-10001111011001111000
In base 14, what is 1215abdc - 2?
1215abda
In base 9, what is 4065 + 13171?
17246
In base 11, what is -1 + -41644a6?
-41644a7
In base 13, what is -413b - 51?
-418c
In base 4, what is -23021010 + -1002?
-23022012
In base 8, what is 4 + -401344723?
-401344717
In base 8, what is -201460514 + 5?
-201460507
In base 5, what is 3243211224 + 4?
3243211233
In base 11, what is -66376 - -119?
-66258
In base 12, what is 13b2a0 - -8?
13b2a8
In base 4, what is -12030 + 3100332?
3022302
In base 11, what is -248 + -1780a1?
-178339
In base 8, what is 321350 - 15122?
304226
In base 15, what is -3a837 + 0?
-3a837
In base 5, what is 2021230334 + -200?
2021230134
In base 10, what is 270018 - 185?
269833
In base 11, what is -a39 - -1099a9?
108a70
In base 11, what is 2116a0 + 16?
211706
In base 3, what is 120112101222222 - -1?
120112102000000
In base 15, what is -3e5d6 - 6?
-3e5dc
In base 8, what is 3 + -54046442?
-54046437
In base 7, what is 3233000434 + -2?
3233000432
In base 12, what is 40b + 219614?
219a23
In base 13, what is 3 + -22245b58?
-22245b55
In base 15, what is -1d60ea1 + 2?
-1d60e9e
In base 8, what is 1406 - 453464?
-452056
In base 5, what is 112 - -31203211?
31203323
In base 5, what is -4231022302 + 10?
-4231022242
In base 10, what is -83589 - -181?
-83408
In base 16, what is 2f9 - -ae9a?
b193
In base 12, what is -2a95 + -1180?
-4055
In base 3, what is -12 - 11200212110001201?
-11200212110001220
In base 11, what is -2 - 2776640?
-2776642
In base 12, what is -219a - -3408?
122a
In base 5, what is -142 - -1202310333?
1202310141
In base 10, what is -5728365 + -3?
-5728368
In base 14, what is 173 + 78866?
789d9
In base 14, what is -5 + -174b21db?
-174b2202
In base 4, what is 30003302 + -323031?
23020211
In base 8, what is 25626 + -66?
25540
In base 10, what is 282 + 40688?
40970
In base 15, what is -22 + dedb3?
ded91
In base 14, what is -6bd820 - -5?
-6bd819
In base 14, what is -61c + -1866?
-2084
In base 16, what is 752d9b2 - 2?
752d9b0
In base 3, what is -211001021120202 + -11?
-211001021120220
In base 10, what is -98624 + 1267?
-97357
In base 8, what is 5365 + -2771?
2374
In base 12, what is -ba + 395479?
39537b
In base 2, what is 101 - -1111111100111001011111010?
1111111100111001011111111
In base 8, what is 125 + -12340?
-12213
In base 15, what is 7e + -1d4c5?
-1d446
In base 10, what is -22618287 - -2?
-22618285
In base 3, what is 0 + -1102202002220110?
-1102202002220110
In base 7, what is -6336442361 - -1?
-6336442360
In base 15, what is -53188a - 6?
-531891
In base 13, what is -5 + 2a4b47?
2a4b42
In base 8, what is -2 - -7477045?
7477043
In base 6, what is -445 + -2202112?
-2203001
In base 6, what is 34 + -13210335?
-13210301
In base 5, what is 43 + -21222213?
-21222120
In base 3, what is 10201202121210 - 12112?
10201202102021
In base 12, what is 4830 + -bb?
4731
In base 10, what is -5679616 + 2?
-5679614
In base 10, what is 5035 - -2875?
7910
In base 6, what is 5 - -101302104122?
101302104131
In base 12, what is -a76569b5 - 4?
-a76569b9
In base 8, what is 30 + -131075?
-131045
In base 14, what is -46c2 - -511?
-41b1
In base 16, what is 848cc8 + 0?
848cc8
In base 4, what is -33132322221300 - 11?
-33132322221311
In base 12, what is 29aa + -1405?
15a5
In base 6, what is -21320024 - -4?
-21320020
In base 15, what is -4 + e315a7?
e315a3
In base 15, what is 5 + -1a2706a?
-1a27065
In base 15, what is -60b540 + -3?
-60b543
In base 12, what is -1726222 + -2?
-1726224
In base 16, what is -4a - 4503e?
-45088
In base 9, what is 28070 + 24268?
53348
In base 7, what is -12631036 + 16?
-12631020
In base 4, what is 10132321 + 113220?
10312201
In base 13, what is 25c6a3 + 326?
25c9c9
In base 2, what is -110111011 - -11001101101?
10010110010
In base 4, what is 221121220202 - 11?
221121220131
In base 6, what is -4113421 + -1?
-4113422
In base 9, what is -5540077 - -5?
-5540072
In base 2, what is 101000111100100100011001 + -11000?
101000111100100100000001
In base 2, what is 111011 + -111001101011001110111?
-111001101011000111100
In base 2, what is -110111101010011 + 100111011011?
-110010101111000
In base 2, what is 1010011000100101 - 10010011?
1010010110010010
In base 16, what is -9 - ac15?
-ac1e
In base 15, what is 2bea + 44b?
3146
In base 6, what is -143002 - 1121?
-144123
In base 5, what is 42142123 + -14300?
42122323
In base 16, what is -3 - -1cfb2d?
1cfb2a
In base 9, what is -171825878 - 3?
-171825882
In base 12, what is -80a58a - -1?
-80a589
In base 16, what is 34 - a4e0d0?
-a4e09c
In base 9, what is -13 - -2720571?
2720557
In base 14, what is 1320aa7 + 3?
1320aaa
In base 15, what is 5 + -e92503?
-e924ed
In base 12, what is 722b9757 + 1?
722b9758
In base 3, what is 12 - 222020110011100?
-222020110011011
In base 16, what is 856b18 - 1?
856b17
In base 15, what is 2074b6 + -3?
2074b3
In base 12, what is -3bb - -b29?
72a
In base 9, what is -3756544 + 133?
-3756411
In base 2, what is -110101010110 - -1011011010011?
100101111101
In base 6, what is 1442504010 - 5?
1442504001
In base 10, what is 2 - -71150719?
71150721
In base 10, what is -11 + 3295088?
3295077
In base 5, what is -112202303310 + 1?
-112202303304
In base 6, what is -1003524 + 102531?
-500553
In base 12, what is -21a65a62 - 4?
-21a65a66
In base 7, what is 142016 - -106?
142125
In base 2, what is -10111100110101000000000000 - -10?
-10111100110100111111111110
In base 9, what is 3 + -3236683?
-3236680
In base 9, what is -1806 - 207787?
-210704
In base 15, what is -20dac02 + 5?
-20dabec
In base 10, what is 8 - -9103540?
9103548
In base 13, what is 1557660 + 6b?
15576cb
In base 3, what is 10121001111 + -1122110?
10112102001
In base 12, what is 2638167 + 1?
2638168
In base 10, what is -109 - -7064?
6955
In base 2, what is 10101111100011010 + 10110010?
10101111111001100
In base 13, what is -2 - 684ba?
-684bc
In base 9, what is 1 + -757366?
-757365
In base 6, what is -40213220 - 511?
-40214131
In base 13, what is -1 - 7c4a26?
-7c4a27
In base 12, what is 4615074 - -3?
4615077
In base 5, what is -140043 + -3403?
-144001
In base 7, what is -61 - -542032?
541641
In base 16, what is cec3987 + -5?
cec3982
In base 6, what is 1 - 1515400221?
-1515400220
In base 16, what is -352 - 6e2?
-a34
In base 15, what is a + 21a632?
21a63c
In base 14, what is 14342d5 + 9?
1434300
In base 12, what is 732892 + -165?
732729
In base 7, what is -1542053 - 16?
-1542102
In base 10, what is -98 + 1679264?
1679166
In base 11, what is 19 - -4a601?
4a61a
In base 10, what is 2191 + -40?
2151
In base 8, what is -17034731701 + -3?
-17034731704
In base 9, what is 43543831 + 5?
43543836
In base 13, what is -62c490a + 4?
-62c4906
In base 11, what is 2a5175 - -66?
2a5230
In base 11, what is -990a7 - -9?
-99099
In base 10, what is 8 - 50516367?
-50516359
In base 15, what is 59 - -54e33?
54e8c
In base 14, what is 2cca4 + 494d?
33813
In base 14, what is 68199 - 1aa?
67dcd
In base 6, what is -423435 + -3050?
-430525
In base 10, what is -4 - 996631?
-996635
In base 4, what is -1011221001 - -21?
-1011220320
In base 2, what is 10001010111 + -100010001010010001?
-100001111000111010
In base 14, what is db2a - 316a?
a9a0
In base 14, what is 201b8ca - -12?
201b8dc
In base 3, what is -1101010111200222 + 0?
-1101010111200222
In base 6, what is -303425004 + -4?
-303425012
In base 11, what is 172534 - -22?
172556
In base 11, what is -11049434 + -2?
-11049436
In base 15, what is 4340c - -27?
43434
In base 12, what is 214 - -630?
844
In base 6, what is -240 - 452210?
-452450
In base 2, what is 1111000011000 - -11100011111?
10010100110111
In base 11, what is 10 + -a671562?
-a671552
In base 4, what is -3130222231033 + -20?
-3130222231113
In base 11, what is -8463 - -272?
-81a1
In base 12, what is 154 - -230bb1?
231145
In base 15, what is 2d1d0c + 24b?
2d2058
In base 11, what is -604676a - 5?
-6046774
In base 12, what is -1 + -20a8078?
-20a8079
In ba